What is -1 - -2 - (-8 - (7 + -7))?
9
Evaluate 6 - (0 - -3) - (3 - 4).
4
What is 3 - (12 - (4 + 7))?
2
What is 2 - (5 - 2 - -2)?
-3
What is 5 + (-1 - (-1 + -1)) + -1?
5
What is 5 - 5 - (3 - 8)?
5
Calculate -10 - -14 - 4 - (-4 + -1).
5
What is -11 + (-1 - -7) - -3?
-2
Evaluate 1 + -3 + -1 - (2 + -1).
-4
What is the value of 4 + 8 + (9 + -5 - 21)?
-5
Calculate (1 - 4) + 5 + (-1 - -4).
5
Evaluate -6 - (-10 + 14 + 2 + -6).
-6
What is 3 + -3 + 0 + 3?
3
0 - (13 - (-7 - -9))
-11
Calculate -4 + 2 - (3 + (-4 - -2)).
-3
-4 + 8 + (0 - (-1 - -5))
0
What is -8 - -4 - (-8 + -1 - -2)?
3
What is 1 + -1 + (-12 - (2 + -15))?
1
Calculate (-1 - (-2 + -5)) + (-6 - -4).
4
Evaluate 2 + (5 - 3 - (1 + 1)).
2
What is -10 + -1 - (139 + -152)?
2
Evaluate -2 + (-19 - -22) + (0 - 1).
0
Evaluate -3 - (-2 - -5 - -3 - 3).
-6
-1 + -1 - (9 + -10)
-1
What is the value of (-2 - (3 - 4)) + -6 + 2?
-5
Calculate 0 + (5 - 3) - (-1 + 9).
-6
-4 - (-6 + -14 + 6)
10
Evaluate 10 + -1 + -1 + -4.
4
What is -7 - (2 + (9 - 17))?
-1
Calculate 10 + -16 + -1 + 1 + 2.
-4
What is the value of -11 + 12 + 2 + (-1 - 1)?
1
Evaluate (0 + 2 + 1 - 11) + 3.
-5
What is -2 + 3 + -4 - -9?
6
Evaluate -5 - (-2 + -4 - -5).
-4
What is (9 - (-3 + 17)) + 0?
-5
What is the value of 1 + -7 + 1 - (77 - 89)?
7
Evaluate 0 + -2 - (-3 + 2 + 0).
-1
What is the value of 9 + (-4 - 0) + 0?
5
Calculate 8 + (3 + -7 - (7 + -11)).
8
What is the value of (-1 - 5) + (-8 - -15)?
1
What is the value of 0 - -3 - (24 - 22)?
1
Calculate (1 - 4) + 24 + -22.
-1
What is -4 + (-3 + -1 - -6)?
-2
Evaluate (8 - (14 + -13)) + -3.
4
What is -3 + (-3 - -7) + -3?
-2
What is the value of 2 + 2 + 57 + -61?
0
What is 4 + -8 + 4 - 0?
0
What is the value of -5 + (-6 - -6) + (-1 - -11)?
5
Calculate -9 + (6 - (4 + -3)).
-4
What is the value of -3 - (-4 + -6 + 9)?
-2
What is -2 - (2 + (4 - -2) + -12)?
2
(6 - (9 - 5)) + -6
-4
What is -5 - (-7 + 5) - -1?
-2
Evaluate -3 + (5 - (3 - 3) - 0).
2
(0 - -3) + -2 + -3
-2
Evaluate 2 + 9 + -14 - (10 - 3).
-10
What is (1 - 1 - 11) + 0 + 3?
-8
Evaluate -4 - 0 - (-2 + 1 + -2).
-1
Evaluate (-6 + 1 - (-3 + -5)) + -9.
-6
What is 6 + -4 - (-5 - (-7 - -1))?
1
What is the value of -1 - (3 + (-7 + 3 - 2))?
2
What is the value of (0 - (-1 - 1)) + -14 + 21?
9
1 + (-14 - -9) - -6
2
Calculate (-7 - -8) + -5 + 0.
-4
-1 - ((0 - 2) + 2) - -3
2
Calculate (4 - 1) + (10 - 18) - -3.
-2
Calculate 1 - 2 - (-1 + (-3 - -2)).
1
Evaluate 5 + 2 + -9 + 7.
5
Calculate 9 - -3 - (-9 + 29).
-8
What is -10 + 3 + 2 + -2 + 6?
-1
Calculate 10 + -3 + -7 - -2.
2
Calculate (-3 - (-7 + 11)) + 1 + 8.
2
What is 7 + 3 - (-14 + 18)?
6
Calculate -1 + 5 + 23 + -23.
4
What is (11 - 6 - 5) + 4?
4
Calculate 2 - (0 + -3 + 5).
0
Calculate 4 - ((-1 - -2) + 0 + 1).
2
Calculate -5 + 4 - (1 + (-5 - -12)).
-9
Evaluate 7 - (0 + (-2 - -9)).
0
What is -9 + 1 + 9 + -6?
-5
Evaluate (-4 + 10 - 10) + 0 + 1.
-3
5 + -4 - (-21 + 31)
-9
Evaluate -1 - ((-5 - -4) + 6 - 7).
1
What is 1 - (8 + 3 + -5) - 0?
-5
What is -1 - 3 - (9 + -15 + 8)?
-6
10 - 9 - (7 + -3 + 0)
-3
3 - 15 - (10 + -15)
-7
Calculate 5 - (-2 + -2 + 6 + -2).
5
What is the value of -2 - (-2 + 1) - (-4 - -1)?
2
Calculate -11 - (-11 - (10 + -9)).
1
What is -1 - 7 - (0 + -4)?
-4
Evaluate 3 + (-2 - -1) - -3.
5
Evaluate (-10 - (2 - 2)) + 5.
-5
0 + 3 + 1 + 1 + -4
1
5 + 2 + 3 + -9
1
(-7 - (4 + -1 + -4)) + 4
-2
What is 4 - ((5 - 4) + -4 + 10)?
-3
Calculate -3 - (-12 + (-1 - -5)) - 15.
-10
Calculate 10 + -7 - (9 - 2).
-4
Calculate 15 + -7 - (5 + -1).
4
Calculate (1 - (4 - 6)) + 2 - 6.
-1
What is 4 + -5 - 0 - (1 - -4)?
-6
What is the value of 4 - (-1 - -2 - (10 - 14))?
-1
Calculate -9 - (10 + -14 - 7).
2
Evaluate (-4 - -2) + (13 - 8) - 2.
1
Calculate -1 - ((1 - 1) + (8 - 4)).
-5
Calculate -7 - -5 - -1 - -3.
2
What is -1 + 0 + 1 - (-22 - -25)?
-3
-2 - ((2 - 3 - 1) + 2)
-2
What is (7 - 5) + (8 - 4) - 4?
2
What is -9 - -9 - (-3 + (-1 - -4))?
0
What is -3 + 4 + 5 + 5 + -4?
7
What is the value of -2 - (-2 + (-5 - -6))?
-1
Calculate -1 - (0 + (0 - 0 - 4)).
3
What is (-1 + 2 + -3 - -3) + -3?
-2
What is the value of 9 + -18 - (4 - 6)?
-7
What is -3 - -3 - (-11 - -2)?
9
What is -2 - (-3 - -1 - -5)?
-5
-3 + (-4 + 6 - -2)
1
What is the value of (-5 - 0 - (-12 + 2)) + -4?
1
What is -1 - (-9 + 4 - -6)?
-2
What is 4 + -5 + 8 - 9?
-2
Evaluate -12 - (-7 + 2) - (-1 + -1).
-5
What is the value of -6 + 7 + -6 + -2 + 12?
5
4 + 9 + (-13 - -5) + 5
10
Evaluate 1 - (-4 + -1) - 3.
3
What is (10 - 4) + -7 + 3 + 0?
2
Calculate 7 + -6 + -5 - (-2 - 1).
-1
What is the value of -3 - (-8 - -4) - -4?
5
-11 - -12 - (-1 + -1)
3
What is -1 - 0 - -1 - 4?
-4
Evaluate -2 + (12 - (4 + 0)) + -4.
2
5 + -7 + 2 + 3
3
What is 0 - ((1 - -2) + 28 + -34)?
3
8 + (-15 - (-9 + 12))
-10
Calculate -7 - (-7 - (-5 + 2)) - -8.
5
What is the value of -6 + 9 - (1 - -6)?
-4
-13 - (-4 + 0) - (-5 - -1)
-5
Calculate (-2 + 9 - 2) + -4.
1
What is -2 + (4 - 1) + -1?
0
Calculate 0 - (2 + -1 + 1 - 3).
1
Calculate (0 + -1 - (-1 - -3)) + 0.
-3
3 - (-10 - -7) - 6
0
What is the value of -14 - -15 - (1 - -2)?
-2
What is -2 + (10 - 2) + -4?
2
-5 - (-14 - (-2 - -2 - 2))
7
Calculate (-5 - -12) + (-1 - 2 - -1).
5
5 + -2 - 5 - (-1 + 2)
-3
What is the value of 1 - (4 - (2 - -7 - 2))?
4
What is the value of 1 + (-1 - -1) - -2?
3
What is 10 - (-1 + (2 - -1) + 3)?
5
What is 5 - (-7 + 3 - (-1 + -6))?
2
What is the value of (4 - (2 + 2)) + 3?
3
What is (3 - -2) + 4 + -5?
4
-5 - (-3 + 6 - 4)
-4
What is the value of 1 + -4 - (-3 + 7 + -10)?
3
-10 - ((-2 - 6) + -2)
0
Evaluate (8 - (-3 - -9)) + 0 + -4.
-2
Calculate -3 - -1 - 2 - (3 + -3).
-4
Evaluate 0 + 4 + -3 - (-1 - -2).
0
What is 7 + -10 + (-8 - -1)?
-10
(12 + -1 - (1 - -4)) + -4
2
12 - ((-3 - 10) + 28)
-3
What is the value of 29 + -32 - (1 - 6)?
2
Evaluate 6 - (10 - (-1 - -10 - 7)).
-2
Evaluate 9 + 0 - (14 + -9).
4
-1 + 4 - (2 + 4 + -2)
-1
What is the value of 4 + 0 + 1 + -2?
3
1 + 3 - (11 - (7 - 4))
-4
-7 + 7 + (1 - -8)
9
What is (9 - 10 - -5) + -2 + 1?
3
Evaluate (2 - 1) + (-6 - 0).
-5
Evaluate -1 + 1 + 1 + -3.
-2
What is the value of -11 - -14 - (2 + (0 - -2))?
-1
What is -7 - ((-1 - 0) + -11 + 11)?
-6
Evaluate 2 + (11 - 2) + -7.
4
Evaluate (-3 - (1 + -2)) + (1 - -4).
3
What is 5 + 1 - (87 + -85)?
4
-7 + 12 + (1 - 0)
6
Calculate (-5 + 0 - (2 + -5)) + 4.
2
What is the value of -4 - (0 + (7 - 3) + -3)?
-5
What is the value of -9 - (-1 + -3 + 4 + -4)?
-5
What is the value of -5 - -1 - (-10 + 7)?
-1
Calculate (2 - (2 + 0)) + 0.
0
1 + -2 + 5 + -2 + -2
0
What is -3 + 3 + -1 - (2 - 8)?
5
Evaluate (0 - 9 - -13) + 0 + -8.
-4
What is -248 - -250 - (-2 - -1)?
3
Evaluate -6 - -7 - (1 + -1).
1
Calculate -1 + 0 + -2 + -1.
-4
What is the value of 2 + (-1 - (-3 - -2)) + -8?
-6
-6 - (11 - (30 + -6))
7
Calculate -1 + (-3 - -1) + 7 + -7.
-3
Calculate -4 + -3 - (3 - 9 - -6).
-7
What is the value of (2 - 0) + (5 - 4) + -5?
-2
What is 3 + -2 + 0 + 4 + -10?
-5
What is 14 + (7 - -2) + -18?
5
Evaluate -5 + 2 + 10 + -4.
3
What is -1 - -8 - (16 + -1)?
-8
Calculate ((-1 - -2) + -3 - -5) + -6.
-3
What is 4 + (-14 - -8) + 6?
4
Evaluate 2 - (3 + (0 - (-1 + 3))).
1
2 + (0 - -2) - (12 + -3)
-5
What is -4 + (3 + -3 + -2 - -1)?
-5
Calculate -3 + 1 + (-2 + -1 - -2).
-3
Evaluate 6 - 3 - (-4 + 5).
2
Evaluate -3 + (-4 + 11 - 1).
3
Calculate -5 + -3 + 4 + 1.
-3
What is (1 + -6 - -2) + 0 + -2?
-5
What is the value of (8 - 24 - -12) + 13?
9
2 + -3 + -1 + 3 + -6
-5
Calculate 3 + -13 + 21 + -19.
-8
Calculate (-2 - -8) + 3 + -5.
4
Calculate 3 - (-1 - 1 - (-6 + 6)).
5
Calculate 11 + -10 + 7 - 5.
3
What is the value of 0 - (-3 + 2) - (3 + -1)?
-1
0 + (-1 + 4 - 2)
1
Calculate 3 + 1 - (-4 - (-2 - 3)).
3
Evaluate 3 + (4 - 4) + (4 - 5).
2
Calculate -6 - -1 - (3 + -10).
2
What is 10 + -1 + -18 - -9?
0
Evaluate 2 - (5 - (1 - (4 + -5))).
-1
3 - 0 - (12 - 4) - -7
2
What is the value of (-4 - (-10 + 4)) + -4?
-2
What is -5 + 7 + -5 + -3?
-6
Calculate (3 - (8 - 7)) + (3 - 9).
-4
What is 5 + -5 + 1 + (-5 - -2)?
-2
Calculate (-2 - (-8 + 11 + 6)) + 3.
-8
(-7 - 2) + 0 - -7
-2
What is -6 + 2 + 15 + -15?
-4
What is -2 - (0 + -3 + -21 + 17)?
5
Evaluate 3 - 0 - (1 + 4).
-2
Calculate (-7 - -2) + 7 + (-10 - -2).
-6
What is the value of -2 + 1 + -1 + -2?
-4
-3 + (-3 - ((-4 - 2) + 3))
-3
What is the value of 0 + (-7 - (2 - 5))?
-4
Calculate -8 + 11 + (2 - 3) + -1.
1
What is the value of -5 + 2 - 3 - -1?
-5
Evaluate -2 - (-